 -4?
566
In base 14, what is 387 - 7?
380
In base 3, what is -10 - -2111011?
2111001
In base 8, what is 1242 + 2?
1244
In base 5, what is 4 - -3?
12
In base 6, what is -1 + -41?
-42
In base 2, what is 101 + -11101101101?
-11101101000
In base 6, what is 4434 + 0?
4434
In base 11, what is 57 + 69?
115
In base 10, what is -3 + 13?
10
In base 10, what is 32 - -88?
120
In base 8, what is 240 + -2?
236
In base 13, what is -1a - -1?
-19
In base 10, what is -4 + 131?
127
In base 6, what is 45422 - -3?
45425
In base 10, what is -1657 + 2?
-1655
In base 16, what is 247 + 1?
248
In base 2, what is -111110 - -10100?
-101010
In base 3, what is -1122121 + -11?
-1122202
In base 11, what is -1560 - -4?
-1557
In base 9, what is 3 + 84?
87
In base 9, what is 128 + 12?
141
In base 13, what is 1 - -61a?
61b
In base 7, what is 102 - -10?
112
In base 13, what is 0 - -5b?
5b
In base 12, what is -2 - -68?
66
In base 2, what is -1101001 - 10010?
-1111011
In base 4, what is 201 + 3100?
3301
In base 6, what is 4 + 3?
11
In base 15, what is 1bdd - 3?
1bda
In base 16, what is 4 - -3d?
41
In base 9, what is 21 + 15?
36
In base 13, what is 1ac - 0?
1ac
In base 6, what is 121 + -202?
-41
In base 8, what is -105 + -45?
-152
In base 7, what is -5024 - -2?
-5022
In base 7, what is 53 + -5?
45
In base 5, what is 113 + 102?
220
In base 14, what is -1 + -97?
-98
In base 6, what is -1331 - 0?
-1331
In base 3, what is 112 + 22?
211
In base 2, what is -1010110101 + 10000?
-1010100101
In base 2, what is -11011 - 101?
-100000
In base 13, what is -5 + -49?
-51
In base 13, what is -3 + 4?
1
In base 5, what is 11 + 214?
230
In base 14, what is 0 - 20?
-20
In base 12, what is 23 - 183?
-160
In base 12, what is 365 - -1?
366
In base 2, what is 1001111 + -10110010?
-1100011
In base 11, what is 2 - -3?
5
In base 9, what is 6711 + -5?
6705
In base 15, what is 22 + -8?
19
In base 8, what is -4 - -235?
231
In base 7, what is 565 - 2?
563
In base 4, what is 13023 - -10?
13033
In base 13, what is 5 + -692?
-68a
In base 15, what is 0 + 49?
49
In base 10, what is -2 + -99?
-101
In base 8, what is 1526 + -1?
1525
In base 10, what is -284 + 4?
-280
In base 7, what is -4200 - -1?
-4166
In base 12, what is 124b - 4?
1247
In base 12, what is -5 + -9?
-12
In base 8, what is 0 - 140?
-140
In base 15, what is 1 + -5?
-4
In base 16, what is -1 - -18?
17
In base 10, what is 269 + 9?
278
In base 9, what is -454 - 0?
-454
In base 12, what is -2 - -662?
660
In base 13, what is -75 - 8?
-80
In base 2, what is 10 - 11111?
-11101
In base 16, what is -2 + 26?
24
In base 8, what is 57 + -642?
-563
In base 9, what is 137 + -7?
130
In base 12, what is -2 - -a?
8
In base 16, what is -6 - -12?
c
In base 7, what is 531 - -2?
533
In base 14, what is 3 - 45d?
-45a
In base 5, what is 10 + 44?
104
In base 11, what is 193 - -4?
197
In base 13, what is 3 + -7c?
-79
In base 6, what is -2 - -342?
340
In base 10, what is -2 - -912?
910
In base 12, what is 23b + -3?
238
In base 8, what is 1315 - -10?
1325
In base 15, what is 26 - -17?
3d
In base 14, what is ad + 3?
b2
In base 15, what is -7 - 1b?
-23
In base 15, what is -ab + 18?
-93
In base 16, what is -4 + b56?
b52
In base 2, what is -110000 - -10?
-101110
In base 15, what is -3 + 83?
80
In base 15, what is 2 - 10d6?
-10d4
In base 9, what is 21 + 15?
36
In base 8, what is -24152 + 4?
-24146
In base 11, what is -244 - 2?
-246
In base 14, what is -3 - 9?
-c
In base 12, what is -24 + -405?
-429
In base 14, what is 1 + -7c?
-7b
In base 5, what is 10 - -3431?
3441
In base 9, what is 2782 + 3?
2785
In base 4, what is -3 - 21?
-30
In base 2, what is 1001 + -111110000?
-111100111
In base 2, what is 11110011 + -1?
11110010
In base 10, what is -3 + -6155?
-6158
In base 8, what is 3 + -47?
-44
In base 3, what is -20210 - -202?
-20001
In base 16, what is -4 - d03?
-d07
In base 9, what is -82 - 23?
-115
In base 6, what is 3 + 1100?
1103
In base 10, what is -4 + -3847?
-3851
In base 2, what is 1000010100011 + 1?
1000010100100
In base 11, what is -1 + 2a18?
2a17
In base 3, what is -20221 - -2?
-20212
In base 4, what is -303000 + -2?
-303002
In base 9, what is 3 + -537?
-534
In base 4, what is -321 + 31?
-230
In base 12, what is -4 - -582?
57a
In base 3, what is -1 + 12222?
12221
In base 8, what is 303 - -4?
307
In base 9, what is 8 + 5?
14
In base 14, what is 6a + 42?
ac
In base 6, what is 20011 + 0?
20011
In base 12, what is 10 - 21?
-11
In base 15, what is 63 + -5d?
5
In base 4, what is -10113 + -3?
-10122
In base 4, what is -33 + -2?
-101
In base 11, what is -3 + 4422?
441a
In base 11, what is -8a - -6?
-84
In base 15, what is 241 + -1?
240
In base 4, what is 30 - -33?
123
In base 8, what is 502 - -2?
504
In base 3, what is 212 - 10120?
-2201
In base 8, what is 20616 - 0?
20616
In base 16, what is 7 + -22c?
-225
In base 8, what is -5 - 1550?
-1555
In base 8, what is 2465 + 4?
2471
In base 4, what is -3210210 + -1?
-3210211
In base 15, what is -3 - 24?
-27
In base 15, what is -8 - 4?
-c
In base 3, what is 2001 - 1012?
212
In base 11, what is 2 - 282?
-280
In base 13, what is 1 - 81?
-80
In base 4, what is 3 - 1?
2
In base 12, what is 5 - -376?
37b
In base 7, what is 1 - 26200?
-26166
In base 12, what is 2 + 446?
448
In base 11, what is 10 + -a3?
-93
In base 5, what is 343 - 10?
333
In base 6, what is 1500 - 5?
1451
In base 14, what is 39b - -3?
3a0
In base 15, what is -29 + -4?
-2d
In base 15, what is -7a + 3?
-77
In base 10, what is -1 + 2?
1
In base 6, what is 2 - -3110?
3112
In base 2, what is -10 + 110010?
110000
In base 4, what is -31 - 1111?
-1202
In base 2, what is -100 + -1101001111?
-1101010011
In base 5, what is 24321 + 1?
24322
In base 10, what is -7 - -89?
82
In base 11, what is -4 + 9?
5
In base 6, what is 11 - -1435?
1450
In base 13, what is 26 + -8?
1b
In base 5, what is -1041 + -2?
-1043
In base 8, what is 100 - -71?
171
In base 14, what is -3 + c3?
c0
In base 11, what is -a569 - 4?
-a572
In base 3, what is 11 - -212100?
212111
In base 5, what is -321343 - -4?
-321334
In base 14, what is -4 - 2603?
-2607
In base 4, what is 3 + -3031?
-3022
In base 2, what is 100010 - -111001?
1011011
In base 12, what is -6 + -3?
-9
In base 4, what is -11130 - 11?
-11201
In base 14, what is 30 + 6?
36
In base 16, what is 3cb + -6?
3c5
In base 15, what is 130 + -21?
10e
In base 7, what is -4 + 2610?
2603
In base 8, what is 16 + 714?
732
In base 10, what is -4 - 51?
-55
In base 16, what is 1 - -216?
217
In base 2, what is 1000110 - 1001100?
-110
In base 2, what is -11 - -1100110001?
1100101110
In base 3, what is -2 + -221122?
-221201
In base 13, what is -3b7 - 5?
-3bc
In base 3, what is -12 - -22221?
22202
In base 5, what is -13044 + -1?
-13100
In base 7, what is 2214 + 16?
2233
In base 15, what is -2 - -56?
54
In base 6, what is -2 + 353?
351
In base 9, what is -1 + 322?
321
In base 2, what is -11 + -1110110111?
-1110111010
In base 4, what is -12230 + -32?
-12322
In base 12, what is -7 - -5?
-2
In base 13, what is 95c - 0?
95c
In base 12, what is 0 - a0?
-a0
In base 4, what is -112 - 112?
-230
In base 8, what is -1514 - 3?
-1517
In base 2, what is -100111100 - 11?
-100111111
In base 6, what is 5 + -215?
-210
In base 10, what is 723 + -5?
718
In base 8, what is 0 - -323?
323
In base 5, what is 1000 + -10?
440
In base 3, what is 10 + 1020102?
1020112
In base 6, what is 3 - -25?
32
In base 16, what is -4 - a3e?
-a42
In base 6, what is 323 + 110?
433
In base 16, what is -4ae - -5?
-4a9
In base 11, what is 14 - -9?
22
In base 10, what is 7 + 309?
316
In base 14, what is 342 - 3?
33d
In base 8, what is 153 - 60?
73
In base 11, what is 35 - 4a?
-15
In base 13, what is a + -583?
-576
In base 3, what is -10 - -222101?
222021
In base 8, what is -410 + 4?
-404
In base 11, what is 7 - 1718?
-1711
In base 4, what is 31 + -20?
11
In base 5, what is 1224 + 1?
1230
In base 4, what is -1120 + 3?
-1111
In base 16, what is 422 - -2?
424
In base 6, what is -1310 - 4?
-1314
In base 10, what is 38 + 70?
108
In base 2, what is 1011100 + -110?
1010110
In base 10, what is 11 + 71?
82
In base 11, what is 5 - 40a3?
-4099
In base 14, what is 54 + -2?
52
In base 15, what is -3 - -4?
1
In base 4, what is -3033 + -3?
-3102
In base 11, what is 12 + 67?
79
In base 6, what is -212 - 12?
-224
In base 10, what is -367 + 0?
-3